(-9). Suppose -4*c = -0*b + 2*b, v*c = -2*b. What is s(c)?
8
Let b(q) = q**3 + q**2 - 4*q + 3. Let y(m) = m**3 - 4*m + 2. Let h(x) = -3*b(x) + 4*y(x). Calculate h(3).
-13
Let c(z) be the first derivative of -4*z + 1/4*z**4 + 4/3*z**3 - 7 - z**2. Give c(-4).
4
Let o(a) = a**2 - 6*a - 6. Let r(c) = -c**2 + 5*c + 1. Let q = 28 - 25. Let g be r(q). Determine o(g).
1
Let c(j) = -5*j**2 + 6 + 68*j**3 + 0*j + 0*j - 69*j**3. Calculate c(-5).
6
Let g(u) = -2 + u**3 + 7 - 13*u + 12*u + 3*u**2. What is g(-4)?
-7
Suppose f = 5*k + 23, 3*f = -4*k - 13 - 13. Let v(c) be the second derivative of c**5/20 + c**4/6 + c**3/6 - c**2 - c. What is v(f)?
-4
Let t(r) = -r**3 + 5*r**2 - r + 7. Let a be t(5). Let v(c) = -2 - 3*c - c**2 + 0*c + a - 3. Give v(-2).
-1
Suppose -r = -f + 4, -4 = -7*r + 3*r. Let b(i) be the first derivative of i**2/2 + 3*i + 1. What is b(f)?
8
Let q(o) = 5*o - o**2 + o**2 - o**2 + 4 + 2*o. Calculate q(7).
4
Let w(n) be the third derivative of n**6/120 + n**5/10 + n**4/4 - n**3/3 - 2*n**2. Determine w(-5).
-7
Let a be -1 + 3 - -7 - 2. Let t = a + -7. Let n(z) = z**2 + 5. Let f(m) = -2*m**2 - 5. Let j(r) = -2*f(r) - 3*n(r). Calculate j(t).
-5
Let t(m) = -3*m + 40. Let a(b) be the second derivative of -b**3/3 + 27*b**2/2 - 4*b. Let i(r) = 7*a(r) - 5*t(r). Give i(6).
-5
Let l(q) = 3*q - 1 - 4*q + 3*q + 5. Suppose -f + k - 4 = 0, -2*f + 4*k = -f + 7. Determine l(f).
-2
Let c(b) = b**2 + 3*b - 3. Let h(g) = g**2 + 2*g - 2. Suppose 4*i = -i + 15. Let z(f) = i*c(f) - 4*h(f). Calculate z(3).
-7
Suppose -5*g + t + 21 = -23, -5*g = -4*t - 56. Let n be 9/12 + 2/g. Let k(s) = -s**2 + 3*s - 1. What is k(n)?
1
Let v(z) = -z**2 + 7*z - 2. Let i(f) = -3*f**3 + f**2 + f. Let q be i(-1). Suppose 2*g + q*r - 8 = 0, -7 = 5*g + 4*r - 34. Give v(g).
-2
Let y be (-2)/(-1) - 10/2. Let x(g) = 3*g - 1 + 5 + 1 - 2. Calculate x(y).
-6
Let y(j) be the second derivative of -j**5/20 - j**4/3 + 7*j**3/6 + 7*j**2/2 + j - 7. Determine y(-5).
-3
Let g(x) = x**3 + 6*x**2 + x - 5. Let b(a) = -a**3 + 6*a**2 + 5*a + 8. Let f = 30 + -23. Let p be b(f). What is g(p)?
-11
Let h(j) = -6*j**3 - j**2 - j - 1. Let y = 8 - 4. Let z = y + -3. Suppose 4*k = 3*k - z. Give h(k).
5
Let p(b) = b**3 + 11*b**2 + 19*b + 15. Let m be p(-9). Let a(g) = 4*g + 2. Give a(m).
26
Suppose 35 + 0 = -5*x + 5*b, 4*x = 3*b - 24. Let a(v) = 4*v. Let s(w) = 4*w. Let p(y) = x*s(y) + 2*a(y). What is p(-1)?
4
Let r(c) = 16*c**3 - 7*c**2 + 9*c + 11. Let y(q) = 9*q**3 - 4*q**2 + 5*q + 6. Let i(k) = -4*r(k) + 7*y(k). Determine i(-2).
8
Suppose b + 6 - 11 = 0. Let y be (-4)/6 - (-2)/3. Let u(i) = y - 4 + 0 + i. What is u(b)?
1
Let d(a) = -a**3 + 3*a**2 + 2*a + 4. Suppose 4*c = 5*g - 61, 0*c - 5*c = 5*g - 25. Suppose 20 = 3*j + j. Let z = g - j. What is d(z)?
-4
Let h(k) = k**2 + 2*k - 2. Suppose 4 = -5*o - 16. Give h(o).
6
Let g(i) = 3*i + 3*i**3 + 6*i**2 - 4*i - 2*i**3 - 325 + 319. Give g(-6).
0
Let p(y) = -3*y + 1. Let r(b) = b + 6. Let k be r(-5). Let h = k - -5. Suppose -4 = v - h. Determine p(v).
-5
Let k(c) = 3*c + 4. Let p(b) = b + 1. Let f(t) = -k(t) + 4*p(t). What is f(2)?
2
Let r(m) = -2*m**2 + 5*m - 3. Let o(p) = -5*p. Let a be o(-1). Determine r(a).
-28
Let i(z) = 2*z**2 + 2*z + 1. Suppose k + 5*s = -2*k - 14, -2*k - 3*s - 8 = 0. Calculate i(k).
13
Suppose 17*l + 6 = 14*l. Let s(q) be the second derivative of -q**5/20 - q**4/12 + q**3/3 + q**2 - 2*q. Calculate s(l).
2
Let u = -3 + 4. Suppose -c + u = 4*r - 0*c, c = 4*r - 7. Let p(l) = -19*l**2 - 32*l**2 + 1 + 58*l**2 - 2*l. Determine p(r).
6
Let w(u) = u + 11. Let b be w(-7). Let a = b - -1. Suppose -f - 2 = -v - 1, 3*v + 29 = -a*f. Let n(x) = x**2 + 3*x - 1. Determine n(v).
-1
Let v(m) = 8*m + 1 + 2*m - 3*m. Calculate v(1).
8
Let g(u) = -2*u**2 - 4*u + 1. Suppose 3*p - 3 = -12. Determine g(p).
-5
Suppose a - 5*a = 4*l - 28, 15 = 3*l - 3*a. Let o(g) = g**2 - 7*g + 8. What is o(l)?
2
Suppose 5*l - 12 = 5*a + 8, a + 7 = 4*l. Let z(x) = -x**3 - x**2 + 3. Let f be z(0). Let c(v) = v**3 - 4*v + f*v - v**2 - 3*v**3 + 1. What is c(l)?
-3
Suppose -5*l - 6 = -5*a - 3*l, 5*a + 4*l = 18. Let n be 1 + 0 + 0 + 1. Let j(x) = 1 - 3*x**2 - 5*x + 5*x**n - x**2. What is j(a)?
-5
Suppose 4*n = n + 9. Suppose 6*f - n*f - 4*h = 17, 12 = 2*f - 3*h. Let t(x) = 3 + x + x**2 - 5 + 0*x**2. What is t(f)?
10
Let q(g) = -g**3 + 3*g + 2 - 3 - g**2 + 2*g**3. Determine q(2).
9
Let u(i) = -i**2 + 4*i + 2. Let c be u(4). Let w(z) = -2*z**2 + 2*z + c*z - 2 + 2*z**3 - 2*z**2. Suppose -8 = -0*h - 4*h. Calculate w(h).
6
Let m(o) = 3*o**2 - 2*o - 3. Let z(u) = -4*u**2 + 2*u + 4. Let r(s) = 3*m(s) + 2*z(s). Let g be (6/(-4))/(1/(-2)). Give r(g).
2
Let j be (-62)/12 + 4/24. Let z(r) = r**3 + 4*r**2 - 4*r. Give z(j).
-5
Let m(f) = -2*f**2 - 7*f + 3. Let z(b) = -b. Let p(r) = r**2 - r - 1. Let a(g) = -p(g) + 4*z(g). Let k(v) = -5*a(v) + 3*m(v). Let w = -9 + 4. Determine k(w).
9
Let g(d) = 3 - 2*d**3 - d**2 + 2*d**3 - 3*d - 4*d**3 + 5*d**3. Let x(y) = -y**3 - 7*y**2 - y - 5. Let p be x(-7). Give g(p).
1
Let h(l) = l**3 + 7*l**2 + 2*l + 6. Let r = 66 + -73. What is h(r)?
-8
Let g(f) be the first derivative of -f**2 - 2*f + 1. Suppose 4*z - 10 = -z. Determine g(z).
-6
Let g(c) = -5*c - 7. Let o(q) = 6*q + 8. Let u(d) = -4*g(d) - 3*o(d). Let m = 8 - 4. Let j(v) = -v**3 + 4*v**2 - 3. Let s be j(m). Give u(s).
-2
Let k(s) = -2*s**2 - 4*s + 2. Let y(m) = -10*m**2 - 21*m + 9. Let j(p) = -11*k(p) + 2*y(p). What is j(-4)?
20
Let g(k) be the first derivative of 5*k**2/2 + k + 55. Calculate g(4).
21
Let l(b) = -8*b**2 + 2*b - 1. Suppose 0 = 2*j - 4 + 2. Suppose 8*s - 9*s = -j. What is l(s)?
-7
Let y(j) = -2 + 2*j + 2 + 3*j**2 - 2. Suppose 4*x = 2*x + 26. Let g = 11 - x. Determine y(g).
6
Let f(m) = -m**3 - 3*m**2 + 5*m + 6. Let x be (-14)/(-8) + 1/4. Let b be ((-3)/1)/(6/(-32)). Suppose -x*k - 3*n + b = -3*k, -4*n = -16. Determine f(k).
2
Let q(j) = -j + 12. Let n(k) = k - 4. Let s be n(9). Calculate q(s).
7
Let h(c) = -c**2 + 6*c - 6. Let x(b) = -2*b + 3. Suppose -3*q = -5*w + 47, 3*w - 2*q - 36 = -w. Let o be x(w). Let s = 15 + o. What is h(s)?
2
Let r(m) = -m**3 + 2*m**2 + 2*m - 1. Let z be 1 - 15/(4/(-4)). Let h be -1 + -1 + z/4. Calculate r(h).
3
Let s(z) = 8*z**2 + 6*z - 1. Let v(w) = 17*w**2 + 13*w - 2. Let m(q) = -9*s(q) + 4*v(q). What is m(1)?
-5
Let k(z) = -12*z**2 - z. Let n = -17 - -18. Give k(n).
-13
Let u(w) = w**2 + w - 2. Let d(a) = -a**3 - 3*a**2 + a - 12. Let o be d(-4). Determine u(o).
-2
Let u be (-200)/(-16)*(-8)/(-10). Let q = u + -13. Let y(g) = 3*g + 4. Calculate y(q).
-5
Let h(p) be the second derivative of -p**5/20 - p**4/12 + 2*p**3/3 + p. Let u(r) = 3*r + 3. Let o be (-36)/16 - (-1)/4. Let t be u(o). Determine h(t).
6
Let d(i) = 1 - 1 + 7*i - 8*i + 1. Determine d(-5).
6
Let n(y) be the first derivative of y**4/4 - y**3/3 - 3*y**2/2 + 3*y - 10. Let g be (-2 - -1)*9/(-3). Determine n(g).
12
Let v = -3 + 4. Suppose q - 1 = v. Let p(k) be the third derivative of k**4/8 + k**2. What is p(q)?
6
Let j be 23 + -5 - -1*1. Suppose 0 = -5*w + j + 11. Suppose n + 2 = -4*t - w, -t = 3. Let z(a) = a**3 - 3*a**2 - 4*a + 4. What is z(n)?
4
Let m = 6 - 6. Suppose m = -6*k + 2*k - 2*o + 24, -4*o = 2*k. Let d = k + -7. Let l(u) = -u + 1. What is l(d)?
0
Let i(g) = 0 + g**2 + 29*g - 25*g + 3 - 2. Calculate i(-3).
-2
Let y(h) be the first derivative of -1/3*h**3 - 7/2*h**2 + 1 - 2*h. Suppose 5*f + 15 = 2*f. Give y(f).
8
Let p(z) = -z**3 + z + 7. Suppose 0*l + l = 8*l. Calculate p(l).
7
Let a(n) = n - 1. Let u(j) = j**3 - 4*j**2 + 3*j. Let s be u(3). Suppose 2 - 22 = -4*q. Suppose q*g = -s*g - 25. Calculate a(g).
-6
Let d(t) be the third derivative of -t**9/60480 - t**8/20160 - t**6/240 + t**5/30 + 2*t**2. Let y(o) be the third derivative of d(o). Give y(0).
-3
Let c = 2 - 2. Let x(t) = t**2 - 13. Give x(c).
-13
Suppose -1 + 8 = m. Let z(d) = -d**3 + 7*d**2 - d + 10. Let o be z(7). Let t = o - m. Let x(j) = j**3 + 5*j**2 + 4*j - 1. Calculate x(t).
-1
Let g(w) = -17*w - 5. Let z(d) = -16*d - 4. Let b(c) = 5*g(c) - 6*z(c). Calculate b(1).
10
Let u(h) = 4*h**2 - 3*h + 1. Suppose -5*y - 6*w = -3*w, -5*w = -3*y. Let z = y - -2. Determine u(z).
11
Let o(b) = -2*b**2 + b. Let z be (-4)/6 - (-5)/(-15). What is o(z)?
-3
Let o(n) = n**3 + n**2 + 19. Let g(j) = -j**2 - 5*j. Let k be g(-5). Determine o(k).
19
L